et j(d) = 48*d**3 - d**2 - 7. Does 10 divide j(3)?
True
Let a be 3/(-12) - (-7556)/16. Let d = -678 + a. Let g = -116 - d. Does 18 divide g?
True
Let i = 2792 + -1892. Is i a multiple of 36?
True
Let t be ((-4)/(-6))/(4/234). Let v = t + 38. Does 11 divide v?
True
Suppose -439 = 5*q - 619. Does 26 divide q?
False
Let u = -354 + 466. Is 6 a factor of u?
False
Let u(j) = 6*j - 2. Let h(w) = 23*w - 7. Let t(c) = -6*h(c) + 26*u(c). Let x be t(4). Suppose -4*y + 32 + x = o, 28 = y - 2*o. Is 8 a factor of y?
True
Does 56 divide (0 - (-899)/4) + 15/(-20)?
True
Suppose 3*a - 3*u = 37 + 17, 0 = -4*u - 20. Suppose -2*d + 3*n + 1 = 2, 4*n = 4*d + 12. Let l = a - d. Does 21 divide l?
True
Let n(p) = -17*p - 99. Is n(-10) a multiple of 2?
False
Let m(i) be the first derivative of i**3/3 + 4*i**2 - 9*i + 9. Is m(-10) a multiple of 5?
False
Let i(d) = -2*d + 76. Is 3 a factor of i(6)?
False
Suppose 0 = -6*t + 8*t - 3*s - 157, 5*t - 3*s = 379. Does 11 divide t?
False
Suppose 0 = 7*o - 5*o + 4. Let k be (-54)/(-1)*o/(-4). Suppose -s = -3*q - 6, -2*s + 0*q = -3*q - k. Is 7 a factor of s?
True
Is 80 a factor of -1 + -4 + (-4)/2 + 1047?
True
Suppose 3448 = 15*o - 12*o + 4*q, 1140 = o - q. Is o a multiple of 15?
False
Suppose 5*n + 13584 = 37054. Is 14 a factor of n?
False
Let u(r) = -r**3 + 3*r + 90. Let k(d) = 2*d**3 - 7*d - 180. Let v(z) = 2*k(z) + 5*u(z). Is v(0) a multiple of 30?
True
Let f(o) = o**3 + 7*o**2 - 13*o - 26. Let g be f(-8). Suppose -g*a + 125 = -1107. Does 8 divide a?
True
Suppose 5*s + 226 - 66 = 0. Let a = s + 55. Is a a multiple of 3?
False
Suppose -2*f = 2*o - 760, -4*f - 1480 = -8*f + 4*o. Suppose y - 6*y = -f. Let w = 105 - y. Is 15 a factor of w?
True
Let q(t) = -2*t**2 + 12*t + 14. Let u(y) = -3*y**2 + 23*y + 27. Let w = -19 - -14. Let m(g) = w*q(g) + 3*u(g). Is m(-8) a multiple of 3?
True
Suppose -4*l = 3*k - 13, 2*k - 3*l = 1 + 2. Suppose 120 = 13*h - k*h. Is 2 a factor of h?
True
Let j be 1/(3*(-1)/(-147)). Suppose 0 = 3*i, i - 13 = -4*k - j. Does 12 divide (138/k)/((-4)/6)?
False
Suppose 3*t - 2*f = 2*t + 93, -5*f = 4*t - 437. Does 13 divide t/2 + (-3)/2?
False
Let z(q) = 274*q**2 - 3*q - 2. Let i be z(-1). Suppose 3*o - 211 = -4*s + 4*o, -i = -5*s - o. Does 10 divide 2688/s + 4/18?
True
Suppose -11497 = -19*b + 6971. Does 9 divide b?
True
Let z(w) = -w**2 - 9*w + 193. Is z(0) a multiple of 4?
False
Suppose 12 = 3*c - 6. Suppose 8*t = c*t + 86. Suppose -2*f - 5*q + 28 + 12 = 0, -3*f + t = -q. Is 14 a factor of f?
False
Is 40 a factor of ((-646)/57)/(1/(-60))?
True
Let t(s) be the third derivative of -1/2*s**3 + 0*s + 3/8*s**4 + 0 - 9*s**2. Is t(12) a multiple of 24?
False
Let m be -3*(1 - 2) + -13. Let a(u) = u**2 + 11*u + 13. Let c be a(m). Suppose 28 = c*h - 2*h. Is 13 a factor of h?
False
Is ((-269)/3)/((-181)/1629) a multiple of 38?
False
Suppose 36*l = -16*l + 65104. Is 27 a factor of l?
False
Let q = 41 + -34. Let s(h) = h**2 - 6*h - 2. Is s(q) a multiple of 2?
False
Let b(d) = -4*d + 9. Let h be b(4). Let v = h + 9. Suppose -v*i + 2*o = -30, 4*o = 5*i + 8*o - 39. Is 5 a factor of i?
False
Let n be (-4)/(-6)*-6*-1. Let r be n/(-4) - 30/(-1). Suppose -r = -2*f + 53. Does 16 divide f?
False
Let h be 0 - 6 - 0/2. Suppose 6*m = m - 50. Is 7 a factor of 519/15 - h/m?
False
Suppose 4*s + 4*r + 13 + 3 = 0, r = s + 10. Let g(b) = 8*b + 3 - 11 + 2*b**2 + 0. Does 9 divide g(s)?
False
Suppose 83*q - 3*q - 121840 = 0. Is 13 a factor of q?
False
Let h be 8*1*(5 - 4). Let n be (44/h - -4)*-10. Let d = 239 + n. Is d a multiple of 30?
False
Is 10 a factor of 30/(33/2035*5)?
True
Let h(c) = -130*c - 7. Is h(-6) a multiple of 12?
False
Let m be (1/1)/((-5)/(-150)). Let a be 8/2 - m/10. Suppose a - 25 = -u. Is u a multiple of 7?
False
Suppose 0 = -5*l + 2*a + 124, 2*l = 5*l - a - 74. Suppose -3*n = -9*n + l. Is n a multiple of 2?
True
Let j = -4269 + 7877. Is j a multiple of 11?
True
Suppose -5*x - 4*w = -2205, -4*x - 2*w + w = -1764. Suppose -g = 3*j + j - 224, -2*g - j + x = 0. Does 10 divide g?
True
Let k = 27 - 13. Is 9 a factor of 17/119 + 628/k?
True
Suppose -2*t + 14 = -3*u + 5*u, -2*u - 5*t + 20 = 0. Suppose -5*y = -3*y + 4*c, y = 2*c + 16. Suppose -u*w + y = -7. Is w even?
False
Let s(j) = -31 - 11*j - 35 + 26 - 9. Let y(i) = -5*i - 24. Let k(a) = 6*s(a) - 13*y(a). Is k(9) a multiple of 4?
False
Let i(b) = b - 10. Let t be i(10). Suppose -4*p + 126 - 18 = t. Is p a multiple of 6?
False
Suppose 8*x - 121 = -9. Let z(o) = o**2 - 9*o + 20. Does 15 divide z(x)?
True
Let q be -3 + 109 + 0/1. Let l be (-6)/(-33) + q/22. Let v(t) = t**2 + 2*t - 2. Is v(l) a multiple of 12?
False
Suppose 0 = -i - 5, -13 = n + 3*i - 68. Is n a multiple of 14?
True
Suppose n = -h - h, -3*n + 14 = -h. Let z(m) be the first derivative of 9*m**2/2 - 2*m + 1. Is z(n) a multiple of 13?
False
Is (-8 - -1)*9900/(-70) a multiple of 66?
True
Suppose 4*c + i + 4*i - 871 = 0, 0 = -3*c - 4*i + 653. Is 9 a factor of c?
False
Let x(y) = 0*y**2 - y - 2*y + y**2 + 2*y**2 + 1. Let d be x(2). Is (-5 - -9)*(d + 0) a multiple of 25?
False
Let h = -33 + 34. Does 7 divide 14/(h + 1 + 0)?
True
Suppose -2*q - 2*q + 984 = 0. Suppose 0 = -4*i + q + 14. Suppose 0 = -2*f - t + 150, 3*f - 293 = -3*t - i. Does 19 divide f?
False
Let p = -21 - 34. Let x = 13 - p. Is x a multiple of 7?
False
Let y be -4 + -3*5/(-3). Let r(v) = 108*v**3 + v**2 + 2*v - 2. Is r(y) a multiple of 36?
False
Suppose -5*u - k + 18 = k, -k = -4. Suppose u*q = 4, 510 = 3*l - 0*q + 3*q. Does 12 divide l?
True
Let s(q) = -q**3 + 13*q**2 + 6*q. Is 21 a factor of s(7)?
True
Suppose -750 = -2*b + 4*u, -2*u + 5 = 3*u. Is 29 a factor of b?
True
Suppose -32 = -8*k - 8. Let f(o) = 3*o + 7. Is 2 a factor of f(k)?
True
Suppose 4*o = -3*f, 0*o = -2*f + 2*o + 14. Suppose 0 = -f*m + b + 646, -4*m + 661 = 4*b + 25. Does 23 divide (-24)/(-2)*m/28?
True
Let t = -27 - -1013. Is t a multiple of 54?
False
Suppose z = -4*b + 66 - 19, 5*z = 3*b - 18. Is b even?
False
Suppose o = -3*w - 50, -4*w - 106 = w - 4*o. Let s(m) = 2*m**2 - 24*m + 1. Let k be s(18). Is w/2*k/(-21) a multiple of 31?
True
Suppose 0*v - v = -2*m + 2, 14 = -3*v - 2*m. Let z be 7*(2 + v + 3). Suppose c - w = -0*w + z, -5*c + 3*w = -45. Is c a multiple of 3?
True
Let f(g) = 2*g**2 + 47*g + 374. Is f(-34) a multiple of 68?
True
Let g(i) = -8*i - 4. Let h(w) = 8*w + 4. Let t(m) = -6*g(m) - 5*h(m). Does 4 divide t(2)?
True
Let l(m) = m**3 - 4*m**2 - 8*m + 4. Let t be l(6). Let b be t + 9 + -1 + 1. Let a = b - 15. Is a a multiple of 11?
True
Let y be (-49 + 4)/((-1)/6). Suppose 5*n = -5*j + y, -4*n = -6*j + j - 189. Is 21 a factor of n?
False
Suppose 0*v - 6 = -3*v. Suppose v*r - 5*x = -2*x, 2*x = r. Does 6 divide 3/(-9)*r + 9?
False
Let c be 0 - (14/(-7) - -9). Let i be -1 + (-12)/(-1) - 2. Let x = i + c. Is 2 a factor of x?
True
Does 7 divide -2 + 367 + (55 - 63)?
True
Let q = -68 - 35. Let t = q - -135. Is 14 a factor of t?
False
Let v(p) = -p**3 + 6*p**2 - 7*p + 12. Let a be v(5). Suppose 0 = 4*s - a*s - 20. Let z = 45 + s. Does 19 divide z?
False
Suppose 0 = 6*j + 306 + 576. Let d = j + 221. Is d a multiple of 9?
False
Let p(m) = m**3 + 8*m**2 - 5*m + 12. Is p(-8) a multiple of 13?
True
Suppose -5*h - 3*f - 987 = 0, -4*f + 90 + 112 = -h. Let z(m) = 285*m**3 + 2*m - 1. Let g be z(1). Let x = h + g. Does 25 divide x?
False
Suppose 17*i + 960 = 20*i. Suppose 9*g - i = 4*g. Does 32 divide g?
True
Suppose 0 = b - 821 + 1. Does 20 divide b?
True
Let b(p) = -p + 9. Let n = -9 + 13. Let r be 0/(n/(-8)*4). Is 5 a factor of b(r)?
False
Suppose -4*h = -3*h + 225. Let p = h + 341. Is p a multiple of 21?
False
Let u = 1059 + -729. Suppose 2280 = 6*i + u. Suppose -5*c = 5*b - i, b + 6*c - 3*c - 71 = 0. Is b a multiple of 38?
False
Let a(w) = -6*w + 0*w**2 - 6 + 2*w**2 + 2*w**2 + w**3. Let z be a(-4). Let p = z - 11. Is p a multiple of 2?
False
Let p(q) = -3*q**2 + 4*q - 2. Let g(r) = r**2 - r. Let s(z) = 6*g(z) + p(z). Is 38 a factor of s(4)?
True
Let m be (-2)/(6/(-63) + 0). Suppose 4*l - o - m = 0, 3*l - l - 33 = 5*o. Suppose -3*i + z + 3 = -101, l*z = 5*i - 171. Does 7 divide i?
True
Let b = 344 + 454. Is b a multiple of 21?
True
Let m(n) = n**3 - 7*n**2 + 7*n + 8. Let k be m(7). Let p(j) = j**3 - 5*j**2 + 4*j. Let o be p(4). Suppose o = b - k - 2. Is 30 a factor of b?
False
Let a